 -119 + m. What are the prime factors of y?
2, 41
Let z = -170 + 172. Suppose -z*a - 2*q + 60 = 0, a + 0*q - 3*q - 10 = 0. What are the prime factors of a?
5
Let u(i) = i**3 + 9*i**2 - 53*i - 12. Let f be u(-13). What are the prime factors of 5019/18 - 4 - f/(-6)?
5, 11
Suppose -7*z = -4*z - 42. Let a be ((-72)/z)/(1*(-6)/21). Suppose -a = -9*m + 1584. List the prime factors of m.
2, 89
Let a(c) = 71*c + 96*c + 1875 - 189*c. List the prime factors of a(0).
3, 5
Let w be ((-2)/5)/(1 + 26/(-25)). Let v be (-506)/(-55) - 2/w. Let z = v + 49. List the prime factors of z.
2, 29
Let v(j) = j**3 + j**2 + 3*j + 92. Let g be v(0). Let a = g + -84. What are the prime factors of 2 - 339/(-9) - a/(-6)?
41
Let y = -171 - -176. Suppose -2*c + 599 = y*a, -3*a + 127 = -c - 239. What are the prime factors of a?
11
Suppose 4*g + 2 = 3*p, -3*p + 4*g + 8 = -p. List the prime factors of (p/(-8) + -29*12)*-4.
3, 463
Let f(r) = 13*r**2 + 20*r + 656. List the prime factors of f(-29).
101, 109
Suppose -m = 10 - 15. List the prime factors of (197 - 2/10*5)*m.
2, 5, 7
Suppose 20*g = -126*g - 14*g + 1246400. What are the prime factors of g?
2, 5, 19, 41
Suppose -y + 24 = 5*n, 12*n - 11*n - 4*y = -12. Suppose -n*b = -5*b + 493. List the prime factors of b.
17, 29
Let g be (-2)/3 - 379/3. Suppose -4*u + 0*u = 2*z - 402, 4*u = -5*z + 981. Let i = z + g. What are the prime factors of i?
2, 3, 11
Suppose 5*j = -3*d - 42848, 2*j + 2*j = 4*d - 34304. List the prime factors of 60/(-210) - j/14.
2, 3, 17
Let v = 1515 + 3923. List the prime factors of v.
2, 2719
Suppose -66*b + 937997 - 143159 = 0. List the prime factors of b.
12043
List the prime factors of -9 + (-39)/(-4) + (-53229)/(-4) + 0.
2, 3, 1109
Suppose 44*f + 21*f - 238000 = 15*f. What are the prime factors of f?
2, 5, 7, 17
Suppose -2*y + d = -5, 3*d + 12 = -0*y + 5*y. Suppose 0 = -3*g + 12, -5*g + 1088 = y*p - 0*g. List the prime factors of p.
2, 89
Let a = -118 - -137. Let f(m) = -m**3 + 17*m**2 + 70*m + 33. What are the prime factors of f(a)?
641
Let l = 105 + 179. Suppose -n - 94 = -l. Let h = n - 119. What are the prime factors of h?
71
Suppose 37*w = 38*w - d - 40818, -d = -7*w + 285684. List the prime factors of w.
37, 1103
Let h = -908 + 2851. What are the prime factors of h?
29, 67
Let j be (-1089)/(-12)*16/6. Suppose -47 + 22 = -5*x + 2*q, -10 = 5*x + 5*q. What are the prime factors of 3*(3 + j/x)?
251
Let o(t) = -11585*t + 2366. What are the prime factors of o(-2)?
2, 3, 7, 19
Suppose 2*l = 5*l + 2*h - 91, 4*l + h - 128 = 0. Let v = l - -352. List the prime factors of v.
5, 7, 11
Let v(m) = m**3 - 71*m**2 - 98*m + 620. List the prime factors of v(74).
2, 31, 79
Suppose 5*w + 33 = 28. Let a(t) = 35*t**2 + 2*t + 1. Let k be a(w). What are the prime factors of ((-187)/k)/((1/26)/(-1))?
11, 13
Let i be (-38)/(-6) + 8/(-24) - 4. Let x be ((-13242)/(-30) - i/5) + 1. Let s = x - 215. What are the prime factors of s?
227
Suppose 3*v - 16*v + 29*v - 515856 = 0. List the prime factors of v.
3, 11, 977
Let i(p) be the first derivative of 29*p**2/2 - 153*p + 106. List the prime factors of i(26).
601
Suppose -d = 2*d - 12. Suppose w - 14 = c + 4*w, -d*c = 4*w + 24. Let a(l) = -10*l - 11. List the prime factors of a(c).
3
Let s(j) = j. Let p(c) = -178*c - 9. Let t(w) = p(w) + 5*s(w). Let n be t(-3). Suppose -2*m + 8*m - n = 0. List the prime factors of m.
5, 17
Let l = 14190 - 7800. List the prime factors of l.
2, 3, 5, 71
Suppose -100*r + 113044 + 175656 = 0. What are the prime factors of r?
2887
Suppose 27*b - 23*b - 16 = 0. Suppose -z = -2*a - b, 0 = -a - 3*a + 4. Suppose y = 2*f - 165, -f = -z*f - y + 402. List the prime factors of f.
3
Suppose -52*i + 2357710 = 43*i. List the prime factors of i.
2, 12409
Suppose 2*d = 59 - 77. Let n(x) = -x**2 - 18*x + 19. List the prime factors of n(d).
2, 5
Suppose 41*y - 74*y - 111168 = -45*y. List the prime factors of y.
2, 3, 193
List the prime factors of (-368762)/(-6) + (-26)/78 - (-4 + -5).
61469
Suppose 8834 = 2*n + 4*h, 8*n + 13267 = 11*n + 2*h. List the prime factors of n.
3, 5, 59
Suppose 28*h = 402316 + 749282 + 51086. List the prime factors of h.
42953
Let v(y) = 177*y + 250. Let q(d) = 88*d + 126. Let j(s) = 5*q(s) - 3*v(s). List the prime factors of j(-14).
2, 577
Suppose 2*w - 71 = -61. Suppose 4*z = h + 1648, -2*z + 834 = -w*h + 7*h. What are the prime factors of z?
7, 59
Let o(y) be the third derivative of y**5/60 - 5*y**4/8 - 8*y**3/3 - 13*y**2. Let a be o(17). Suppose -16*g = -a*g + 6. What are the prime factors of g?
3
Let q be 4 - 0 - (-5)/((-50)/20). Suppose 3*z - 2*f = 1047, -1092 = -q*z + 3*f - 394. What are the prime factors of z?
349
Suppose -75*i + 2793 = -11*i - 3223. Suppose -7 = -4*x + 9. Suppose m - x*k + 4 = 44, 2*m - k - i = 0. List the prime factors of m.
2, 3
Let v = 73428 + -24226. List the prime factors of v.
2, 73, 337
Suppose 2*u + 2172 = 2180, 2*i - 4*u - 37502 = 0. What are the prime factors of i?
3, 13, 37
Suppose -373305 = -31*q - 8*q + 412584. List the prime factors of q.
3, 2239
Suppose 18*f = -42*f - 4*f + 350016. List the prime factors of f.
3, 1823
Suppose -b + 2489 = -2839. Suppose 10*d + 2*d = b. Suppose 2*w - d = -116. List the prime factors of w.
2, 41
Let w(x) = x**3 - 10*x**2 + 16*x + 40. Suppose -6*m + 93 = 3. What are the prime factors of w(m)?
5, 281
Let u be ((-12)/14)/((-9)/1323). Let p be (-7)/(u/4) + 506/9. Suppose p = 2*c - 136. List the prime factors of c.
2, 3
Let t(i) = -i**3 - 9*i**2 - 3*i + 2. Let r be ((-4)/((-4)/23))/1. Let a = r + -32. What are the prime factors of t(a)?
29
Suppose -13*r + 21 + 57 = 0. Suppose -4*n - 2546 = -2*a, a + 3*n - 1276 = r*n. List the prime factors of a.
7, 181
Suppose 0 = 363*z - 5383972 - 19544690. List the prime factors of z.
2, 34337
Let a = 47987 - 19241. What are the prime factors of a?
2, 3, 1597
Suppose 0 = 2*j - z - 7794, 5*j + 4*z = 30285 - 10787. Suppose 2733 = 3*f - c, 3*f + 1159 - j = -c. What are the prime factors of f?
2, 3, 19
Suppose 3*a = 3*n + 71793, -34*a + 4*n = -37*a + 71835. List the prime factors of a.
3, 79, 101
Suppose -12*f - 12 = -108. Suppose -v + f = 3*v. What are the prime factors of 126 + (12/42)/(v/14)?
2
Let k = 383 - 217. Let z be k*5/8 - 8/(-32). Suppose -4*u - 4*y = -316, -4*u - 3*y + 212 = -z. List the prime factors of u.
79
Let r(v) = v**3 + 51*v**2 + 246*v - 61. What are the prime factors of r(-45)?
1019
List the prime factors of (-11 - -3437)/(-12*(-2)/16).
2, 571
Let b be (0/(-3) - 1)*(-5 + 5). Suppose b = -10*k + 5*k + 2730. List the prime factors of k.
2, 3, 7, 13
Suppose -5*a - 2*s + 54 = s, 0 = 2*a + 2*s - 24. Suppose -a*o + 1752 = -6*o. Suppose 5*f = o - 24. What are the prime factors of f?
2, 7
Suppose 10*o - 11*o + 5 = 0. Suppose -5 = -4*k - 4*a + 3, o*k + 3*a - 14 = 0. Suppose 0 = -3*r - k*q + 226, -q + 0 = -4. What are the prime factors of r?
2, 5, 7
Suppose 4*n = 4*w - 50028, 849*w - n = 844*w + 62547. What are the prime factors of w?
2, 3, 5, 139
Let u = -351 - -1141. What are the prime factors of u?
2, 5, 79
Let z = -20 + 14. Let j = 2 + z. What are the prime factors of 8/(((-16)/j)/8)?
2
Let m(l) = l**3 + 3*l**2 + 2*l + 1. Let u be m(-2). Let v(i) = 22*i**2 - 7*i + 6. Let f be v(u). List the prime factors of (553/f)/((-2)/(-12)).
2, 79
Let z = 64 - 222. What are the prime factors of (-2)/4*(-21)/(-7)*z?
3, 79
Let x(j) = -34*j**2 - 59*j + 440. Let c(d) = 17*d**2 + 29*d - 220. Let g(b) = -5*c(b) - 3*x(b). What are the prime factors of g(6)?
2, 73
Let f(c) be the first derivative of -2*c**3/3 - 2*c + 12. Let w be f(-3). Let v = w + 63. List the prime factors of v.
43
Let y(s) = 12*s**2 - s**3 - 1 - s + 7 + 6*s. Suppose -a + 15 = n, 2*n - 23 + 2 = a. List the prime factors of y(n).
2, 3, 11
Let o = 126531 - 88340. List the prime factors of o.
181, 211
What are the prime factors of ((-543558)/(-28) - (-8)/(-28))/((-8)/(-16))?
5, 1553
Suppose -4*t = 4*s - 14092, -14844 = -4*s - 2*t - 748. What are the prime factors of s?
3, 5, 47
Suppose 614 = 8*o - 242. Let q = -20 + o. List the prime factors of q.
3, 29
Suppose 1677*l - 850*l - 847*l + 471960 = 0. What are the prime factors of l?
2, 3, 19, 23
Let q = 31 + -26. Suppose 0 = p - q - 0. Suppose -p*n + 173 = 4*b, b + 2*b = -4*n + 139. List the prime factors of n.
37
Suppose -3*i - 3766 =